on factor of 27 and w?
3
Suppose 58 = 4*y - 2*t - 26, -5*y + t = -108. What is the highest common divisor of 2 and y?
2
Let a = 34 + -34. Suppose 0 = 2*s - 4 + 6, 3*s + 11 = 2*p. Suppose a = p*b + b - 120. Calculate the highest common divisor of 3 and b.
3
Let q(m) = -m**2 - 2*m - 1. Suppose 0 = -3*i - 3*o - 0*o - 3, -2*i + o = 11. Let n be q(i). Let w = -5 - n. What is the highest common divisor of 1 and w?
1
Suppose -5*i = -k + 3, -3*k - 2*i + 42 = 2*k. Calculate the highest common factor of 8 and k.
8
Suppose 40 = 4*c + 2*o, -3*c - c - 5*o + 40 = 0. Let j = c + 2. What is the greatest common factor of 60 and j?
12
Let u = 28 - 22. What is the greatest common factor of 12 and u?
6
Let n(u) = u - 7. Let s be n(9). Suppose 2*b - 26 = s. Let z = 22 - b. Calculate the highest common factor of 88 and z.
8
Suppose -b + 49 + 41 = -5*o, -b + 2*o + 81 = 0. Let w(f) = 7*f - 6. Let a be w(3). What is the highest common factor of a and b?
15
Let t be 8*2/(8/15). Let y be (-84)/(-5)*t/(-9). Let b be ((-9)/(-6))/((-6)/y). What is the greatest common divisor of b and 126?
14
Let t be (15/(-12))/((-3)/12). Suppose -k - 50 = 4*y - 192, -4*y + 296 = 2*k. Let f be k/6 + 6/(-9). What is the greatest common factor of t and f?
5
Let z be 1 - -17 - (-1 + 2). Suppose -4*m + z = -127. Suppose 18 = 2*y - 0*y. What is the highest common factor of y and m?
9
Let l(j) = j**3 + 10*j**2 - 12*j - 9. Let u be l(-11). Let f(h) = -h**3 + 16*h**2 - 14*h - 9. Let o be f(15). What is the highest common divisor of o and u?
2
Let c be (-20176)/(-72) - (40/18 + -2). What is the greatest common factor of 40 and c?
40
Let a be (16/6)/(2/9). Suppose 4*y - 3*s = -y - 5, -4*y + 4*s - a = 0. Suppose -2 = r - y*r. Calculate the greatest common divisor of 6 and r.
2
Let u = 28 - 17. What is the highest common factor of 99 and u?
11
Let m(o) = 3*o**3 + o**2 + 2*o + 9. Let g be m(4). What is the highest common factor of g and 45?
45
Suppose 0 = -4*k + 7*k - 48. Calculate the highest common divisor of 8 and k.
8
Suppose 37*k - 43*k = -84. Calculate the highest common divisor of 70 and k.
14
Let v = 4 + 2. Let f be (-16)/12*v/(-4). Let q be -1 + 12 + 4/f. Calculate the greatest common factor of 104 and q.
13
Let f be (-913)/(-99) + 4/(-18). Calculate the greatest common divisor of 27 and f.
9
Let s(z) = -z**3 - 8*z**2 + z + 9. Let j be s(-8). Calculate the greatest common factor of 4 and j.
1
Let d be (-4)/(-22) - (2 - (-1910)/(-22)). Calculate the highest common divisor of 34 and d.
17
Let o(j) = -j**2 + 6*j - 5. Let l be o(4). Let a = 0 - -2. Calculate the greatest common divisor of a and l.
1
Suppose a + 10*a - 1463 = 0. What is the highest common divisor of a and 7?
7
Let i(a) = 2*a**2 + 2. Let o = 6 + -4. Let d be i(o). Suppose 0*g = 2*f - 4*g - 38, 2*g + 44 = 2*f. What is the greatest common divisor of d and f?
5
Suppose -3 = -5*k + 2*t + 15, -5*k = 3*t - 23. What is the highest common divisor of k and 44?
4
Suppose 9 = 3*x, 3*h + 7 = 2*h + 5*x. What is the highest common divisor of h and 64?
8
Let f = -16 - -42. Calculate the highest common divisor of f and 39.
13
Let r(m) = m**3 - 2*m**2 + 3*m - 4. Let q be r(3). Let t be (0 - 7)*(-24)/q. Calculate the highest common factor of t and 6.
6
Let w(p) = 42*p**3 - 1 - 2*p + 2*p - 4*p**2 + 5*p**2. Let s be w(1). Calculate the highest common factor of 6 and s.
6
Suppose -5*z = -29 - 26. What is the highest common divisor of 22 and z?
11
Let t be -3 - -3 - (1 - 1). Suppose -2*v = -6, t = -d + 5*v + 12 + 9. Let r(n) = 5*n**2 + n. Let h be r(-2). What is the highest common divisor of d and h?
18
Let n = 151 + -114. What is the greatest common divisor of 407 and n?
37
Suppose 0*t - 5*j = 3*t - 262, 3*j - 6 = 0. Calculate the greatest common divisor of t and 28.
28
Suppose -3*u + 2*s - 9 = 7*s, -5*u + 4*s + 22 = 0. Calculate the highest common divisor of u and 8.
2
Suppose -5*j + 165 = -1115. Suppose -6*f - j = -2*v - f, 0 = -2*f. Calculate the highest common divisor of 16 and v.
16
Suppose 0 = 4*r - 8 - 148. Calculate the highest common factor of r and 13.
13
Let i = 54 + 10. What is the greatest common factor of i and 16?
16
Suppose 3*n - 4*b = -2*n + 72, -4*n + b + 51 = 0. What is the greatest common factor of n and 4?
4
Let z be (-6 - 3)*1/(-3). Let m(w) = -6*w**2 + 2*w + w**3 + 4 + 1 + 2*w - 10*w. Let q be m(7). Calculate the greatest common factor of z and q.
3
Suppose i - 3 = 0, 0*b = -4*b - 3*i + 21. Let j be 26 + (-1 - -1) - 2. What is the highest common factor of b and j?
3
Let s(j) = -j - 8. Let r be s(-9). Let f be (45/(-27))/(r/(-96)). Calculate the greatest common divisor of 20 and f.
20
Let h be 24/15*50/(-4). Let w = h - -28. What is the greatest common factor of w and 24?
8
Let f(g) = -3*g**2 + 10*g**2 + 1 + 4*g + 1 + 0. Let d be f(-2). What is the highest common divisor of d and 33?
11
Let a(n) = 2*n - 4. Let s be a(3). Suppose 3*m - 16 = 2*m + l, -s*m + 32 = 5*l. What is the highest common factor of 40 and m?
8
Let j(m) = -15*m + 6. Let y be j(-4). What is the greatest common divisor of y and 44?
22
Let h = 3 - 4. Let r(f) = -2*f + 10. Let p(q) = q - 1. Let n(z) = h*r(z) - 5*p(z). Let t be n(-6). Calculate the highest common factor of t and 65.
13
Let r be 396/45 - (-2)/10. Calculate the highest common divisor of 3 and r.
3
Let v(d) = -d**3 + d**2 - d. Let i be v(0). Let u be (i - (-1)/1) + 17. What is the greatest common divisor of 9 and u?
9
Let i be -3*8/(-36)*27. Calculate the highest common factor of i and 9.
9
Suppose 350 = 4*y - 4*i - 274, 314 = 2*y - 3*i. Calculate the greatest common divisor of y and 14.
14
Suppose 2*o - 14 = 14. Let y be o/119 + (-1356)/(-34). Calculate the highest common factor of 16 and y.
8
Let h be (-75)/(-3) + -1 + 4. Calculate the highest common divisor of h and 112.
28
Suppose 0 = -b - 2*z - 9, 0 = -0*b - b + 3*z + 16. Let o(n) = -3*n - 6. Let y be o(-10). Suppose -b = k - y. Calculate the greatest common divisor of k and 46.
23
Let b(n) = n**3 - n + 7. Let v be b(0). Suppose -4*c + 0*c + 36 = 0. Let k be 22/18 - 2/c. What is the highest common divisor of v and k?
1
Suppose -22 = -r - 2*n, 2*n - 38 = -4*r + 4*n. Calculate the greatest common divisor of 108 and r.
12
Let z(p) = p + 6. Let r be z(-5). Let m be 6/2 + (12 - 11). Let d be ((-1)/m)/((-7)/28). Calculate the greatest common divisor of r and d.
1
Let h be (-1 + -2)*3/(-3). Let n = -18 - -130. Suppose -h*v + 7*v - 23 = -d, 4*d - 4*v - n = 0. Calculate the greatest common divisor of d and 3.
3
Let n(j) = 18*j + 2. Let w be n(3). What is the greatest common divisor of w and 7?
7
Suppose -2*c + 4 + 4 = 0. Let a = -8 - -6. Let p be a - (-3 + 0/(-1)). What is the highest common divisor of p and c?
1
Let f(h) = h + 13. Let c be f(-7). What is the greatest common divisor of c and 12?
6
Let c be ((-55)/(-2))/((-1)/(-2)). Let n(a) be the first derivative of a**2 + 3*a + 1. Let b be n(4). What is the greatest common divisor of b and c?
11
Let s(u) = -u**2 + 4*u + 2. Let n be s(4). Suppose 14 = n*i - 0*i. What is the highest common factor of i and 42?
7
Let c = -76 - -118. Calculate the greatest common factor of 28 and c.
14
Suppose 0 = 7*r - 21 + 7. What is the greatest common factor of r and 2?
2
Let h(d) = -d + 9. Let p be h(7). Suppose -p*c = 13 - 47. Suppose 0 = 2*k + 5*k - 952. What is the highest common divisor of k and c?
17
Let t(r) be the second derivative of -r**5/20 + 13*r**4/12 - 2*r**3 + 3*r**2 + 2*r. Let b be t(12). What is the greatest common factor of 54 and b?
6
Let p = 10 + -34. Let s = p - -40. What is the highest common divisor of s and 176?
16
Let t(g) = -2*g + 6. Let w be t(-3). What is the greatest common divisor of 4 and w?
4
Let a be -80*1*(-12)/30. Calculate the highest common factor of a and 4.
4
Suppose 70 = -3*s + 2*n + 212, -3*s + 139 = -5*n. Calculate the highest common divisor of s and 16.
16
Let j(z) = -z**3 - 2*z**2 - 4*z - 1. Let d = -9 - -6. Let m be j(d). What is the greatest common factor of m and 4?
4
Let p(r) = -5*r**3. Let c be p(-1). Let b(n) = 2*n**3 - 5*n**2 + 7*n - 5. Let j be b(4). Let w = -51 + j. Calculate the highest common factor of c and w.
5
Let r(g) = 3*g**2 + 7*g - 10. Let u be r(-7). Calculate the greatest common factor of u and 8.
8
Let i be 324 + -2 - (5 + -3). What is the greatest common